{"id":36,"date":"2011-07-03T19:12:37","date_gmt":"2011-07-03T17:12:37","guid":{"rendered":"http:\/\/lagentille.illustrateur.org\/?page_id=36"},"modified":"2011-07-03T19:12:37","modified_gmt":"2011-07-03T17:12:37","slug":"pourquoi","status":"publish","type":"page","link":"http:\/\/nepsie.fr\/leblog\/pourquoi\/","title":{"rendered":"Pourquoi ?"},"content":{"rendered":"<p>Je m&rsquo;appelle M\u00e9lanie, et j&rsquo;ai 21 ans.<\/p>\n<p>Sinon, c&rsquo;est Nepsie, et je suis \u00e9tudiante en graphisme \u00e0 l&rsquo;ESAD Orl\u00e9ans.<\/p>\n<p>Ce blog c&rsquo;est avant tout un moyen d&rsquo;\u00e9vacuer et de poster ce que je fais pour MadmoiZelle. Ca me permet d&rsquo;accumuler, de classer mes dessins, et je suis tr\u00e8s contente de voir que certains d&rsquo;entre vous appr\u00e9cient. Ca me donne envie de continuer, ca.<\/p>\n<p>Pour ceux qui trouveraient ce blog un peu trop plaintif, \u00e9gocentrique et malvenu, sachez que vous avez raison. Mais je le fais en connaissance de cause, pour \u00e9vacuer certains sentiments qui font partie de moi, mais qui ne sont, bien heureusement, pas les seuls. J&rsquo;ai des angoisses, comme tout le monde je suppose, et les dessiner est pour moi un moyen de passer \u00e0 autre chose.<\/p>\n<p>J&rsquo;esp\u00e8re que vous aurez appr\u00e9ci\u00e9 le style ou la d\u00e9marche, au moins.<\/p>\n","protected":false},"excerpt":{"rendered":"<p>Je m&rsquo;appelle M\u00e9lanie, et j&rsquo;ai 21 ans. Sinon, c&rsquo;est Nepsie, et je suis \u00e9tudiante en graphisme \u00e0 l&rsquo;ESAD Orl\u00e9ans. Ce blog c&rsquo;est avant tout un moyen d&rsquo;\u00e9vacuer et de poster ce que je fais pour MadmoiZelle. Ca me permet d&rsquo;accumuler, de classer mes dessins, et je suis tr\u00e8s contente de voir que certains d&rsquo;entre vous [&hellip;]<\/p>\n","protected":false},"author":2,"featured_media":0,"parent":0,"menu_order":0,"comment_status":"open","ping_status":"open","template":"","meta":{"_vp_format_video_url":"","_vp_image_focal_point":[]},"_links":{"self":[{"href":"http:\/\/nepsie.fr\/leblog\/wp-json\/wp\/v2\/pages\/36"}],"collection":[{"href":"http:\/\/nepsie.fr\/leblog\/wp-json\/wp\/v2\/pages"}],"about":[{"href":"http:\/\/nepsie.fr\/leblog\/wp-json\/wp\/v2\/types\/page"}],"author":[{"embeddable":true,"href":"http:\/\/nepsie.fr\/leblog\/wp-json\/wp\/v2\/users\/2"}],"replies":[{"embeddable":true,"href":"http:\/\/nepsie.fr\/leblog\/wp-json\/wp\/v2\/comments?post=36"}],"version-history":[{"count":0,"href":"http:\/\/nepsie.fr\/leblog\/wp-json\/wp\/v2\/pages\/36\/revisions"}],"wp:attachment":[{"href":"http:\/\/nepsie.fr\/leblog\/wp-json\/wp\/v2\/media?parent=36"}],"curies":[{"name":"wp","href":"https:\/\/api.w.org\/{rel}","templated":true}]}}