{"id":1387,"date":"2013-07-20T16:15:39","date_gmt":"2013-07-20T15:15:39","guid":{"rendered":"http:\/\/nepsie.fr\/leblog\/?page_id=1387"},"modified":"2014-08-13T13:03:14","modified_gmt":"2014-08-13T12:03:14","slug":"autres-humains","status":"publish","type":"page","link":"http:\/\/nepsie.fr\/leblog\/autres-humains\/","title":{"rendered":"Autres humains"},"content":{"rendered":"<p>Vous pouvez aussi\u00a0tra\u00eener\u00a0par l\u00e0 parce que ces gens ont de jolis blogs<br \/>\navec des jolis dessins ou des sujets intelligents. Ou parfois les deux.<\/p>\n<p><strong>Les blogs BD :<\/strong><\/p>\n<p><a href=\"http:\/\/levilainblog.blogspot.fr\/\">Le Vilain <\/a><\/p>\n<p><a href=\"http:\/\/alterether.blogspot.fr\/\" target=\"_blank\">Alter Ether<\/a><\/p>\n<p><a href=\"http:\/\/bapbd.blogspot.fr\/\" target=\"_blank\">Baptiste Amsallem<\/a><\/p>\n<p><a href=\"http:\/\/www.bouletcorp.com\/\" target=\"_blank\">Boulet <\/a><\/p>\n<p><a href=\"http:\/\/ciiawhatsup.blogspot.fr\/\" target=\"_blank\">Ciia<\/a><\/p>\n<p><a href=\"http:\/\/gloryowlcomix.blogspot.fr\/\" target=\"_blank\">Glory Owl Comix<\/a><\/p>\n<p><a href=\"http:\/\/long.blog.lemonde.fr\/\" target=\"_blank\">Guillaume Long<\/a><\/p>\n<p><a href=\"http:\/\/janinebd.fr\/\" target=\"_blank\">Janine<\/a><\/p>\n<p><a href=\"http:\/\/vuedelaprovince.canalblog.com\/\" target=\"_blank\">Leslie Pl\u00e9<\/a><\/p>\n<p><a href=\"http:\/\/lillablog.over-blog.com\/\" target=\"_blank\">Lilla<\/a><\/p>\n<p><a href=\"http:\/\/macadamvalley.com\/\" target=\"_blank\">Macadam Valley<\/a><\/p>\n<p><a href=\"http:\/\/madmoizelle.com\/carnets\/maelle\/\" target=\"_blank\">Ma\u00eblle R<\/a><\/p>\n<p><a href=\"http:\/\/leblogamalec.blogspot.fr\/\" target=\"_blank\">Malec<\/a><\/p>\n<p><a href=\"http:\/\/www.mariemisere.blogspot.fr\/\" target=\"_blank\">Marie Mis\u00e8re<\/a><\/p>\n<p><a href=\"http:\/\/tumourrasmoinsbete.blogspot.fr\/\" target=\"_blank\">Marion Montaigne<\/a><\/p>\n<p><a href=\"http:\/\/minikim.tumblr.com\/\" target=\"_blank\">Minikim<\/a><\/p>\n<p><a href=\"http:\/\/www.monsieur-le-chien.fr\/\" target=\"_blank\">Monsieur le Chien<\/p>\n<p><\/a><a href=\"http:\/\/petitsmensonges.canalblog.com\" target=\"_blank\">Mr Q. <\/a><\/p>\n<p><a href=\"http:\/\/ainsidessinazarathoustra.blogspot.fr\/\" target=\"_blank\">Roxanne<\/a><\/p>\n<p><a href=\"http:\/\/zelba.over-blog.com\/\" target=\"_blank\">Zelba<\/a><\/p>\n<div><\/div>\n<div>\n<p><strong>Un lien utile pour les amoureux des lapins :<\/strong><\/p>\n<p><a href=\"http:\/\/www.margueritecie.org\"><br \/>\n<img decoding=\"async\" alt=\"\" src=\"http:\/\/www.margueritecie.org\/IMG\/gif\/ban3.gif\" border=\"0\" \/><\/a><\/p>\n<p><strong>Ressources f\u00e9ministes-qu&rsquo;elles-sont-bien :<\/strong><\/p>\n<p><a href=\"http:\/\/egalitariste.tumblr.com\/\" target=\"_blank\">\u00c9galitariste (tumblr)<br \/>\n<\/a><a href=\"http:\/\/www.egalitariste.net\/\" target=\"_blank\">\u00c9galitariste (site)<\/a><a href=\"http:\/\/egalitariste.tumblr.com\/\" target=\"_blank\"><br \/>\n<\/a><\/p>\n<p><a href=\"http:\/\/cafaitgenre.org\/\" target=\"_blank\">Genre ! <\/a><\/p>\n<p><a href=\"http:\/\/www.crepegeorgette.com\/\" target=\"_blank\">Cr\u00eape Georgette<\/a><\/p>\n<\/div>\n<div><strong>Des sujets de soci\u00e9t\u00e9 :<\/strong><\/div>\n<div><\/div>\n<div><a href=\"http:\/\/larotative.info\/\" target=\"_blank\">La Rotative<\/a> (actualit\u00e9s Turones )<\/div>\n<div><\/div>\n<div><a href=\"https:\/\/www.facebook.com\/M.Mondialisation\" target=\"_blank\">M. Mondialisation<\/a><\/div>\n<div><\/div>\n<div><a href=\"http:\/\/www.klaire.fr\/\" target=\"_blank\">Klaire (fait grrr)<\/a><\/div>\n<div><\/div>\n<div>Et eux ils sont gentils, ils parlent de moi :B<\/div>\n<div><\/div>\n<div><a href=\"http:\/\/blog.mathilde-marechal.com\/coups-de-coeur\/nepsie\/\"><img decoding=\"async\" loading=\"lazy\" class=\"size-full wp-image-1467 alignleft\" alt=\"mathildeMarechal\" src=\"http:\/\/nepsie.fr\/leblog\/wp-content\/uploads\/sites\/8\/2013\/07\/mathildeMarechal.png\" width=\"200\" height=\"40\" data-id=\"1467\" \/><\/a><\/div>\n<div><\/div>\n<div><span style=\"color: #ffffff;\">\u00a0<a href=\"http:\/\/belle.enceinte.over-blog.com\/un-lapin-nomm%C3%A9-artiste\"><img decoding=\"async\" loading=\"lazy\" class=\"alignnone size-full wp-image-1468\" alt=\"belleetenceinte\" src=\"http:\/\/nepsie.fr\/leblog\/wp-content\/uploads\/sites\/8\/2013\/07\/belleetenceinte.png\" width=\"200\" height=\"40\" data-id=\"1468\" \/><\/a><a href=\"http:\/\/vuesdetours.wordpress.com\/2013\/09\/10\/nepsie-expo\/\"><img decoding=\"async\" loading=\"lazy\" class=\"alignnone size-full wp-image-1469\" alt=\"VuesdeTours\" src=\"http:\/\/nepsie.fr\/leblog\/wp-content\/uploads\/sites\/8\/2013\/07\/VuesdeTours.png\" width=\"200\" height=\"40\" data-id=\"1469\" \/><\/a><\/span><\/div>\n<div>\n<div><span style=\"color: #ffffff;\">\u00a0<\/span><\/div>\n<div><span style=\"color: #ffffff;\">Ils<\/span><\/div>\n<div><span style=\"color: #ffffff;\">.<\/span><\/div>\n<div><span style=\"color: #ffffff;\">\u00a0<\/span><\/div>\n<\/div>\n","protected":false},"excerpt":{"rendered":"<p>Vous pouvez aussi\u00a0tra\u00eener\u00a0par l\u00e0 parce que ces gens ont de jolis blogs avec des jolis dessins ou des sujets intelligents. Ou parfois les deux. Les blogs BD : Le Vilain Alter Ether Baptiste Amsallem Boulet Ciia Glory Owl Comix Guillaume Long Janine Leslie Pl\u00e9 Lilla Macadam Valley Ma\u00eblle R Malec Marie Mis\u00e8re Marion Montaigne Minikim [&hellip;]<\/p>\n","protected":false},"author":1,"featured_media":0,"parent":0,"menu_order":0,"comment_status":"closed","ping_status":"open","template":"","meta":{"_vp_format_video_url":"","_vp_image_focal_point":[]},"_links":{"self":[{"href":"http:\/\/nepsie.fr\/leblog\/wp-json\/wp\/v2\/pages\/1387"}],"collection":[{"href":"http:\/\/nepsie.fr\/leblog\/wp-json\/wp\/v2\/pages"}],"about":[{"href":"http:\/\/nepsie.fr\/leblog\/wp-json\/wp\/v2\/types\/page"}],"author":[{"embeddable":true,"href":"http:\/\/nepsie.fr\/leblog\/wp-json\/wp\/v2\/users\/1"}],"replies":[{"embeddable":true,"href":"http:\/\/nepsie.fr\/leblog\/wp-json\/wp\/v2\/comments?post=1387"}],"version-history":[{"count":13,"href":"http:\/\/nepsie.fr\/leblog\/wp-json\/wp\/v2\/pages\/1387\/revisions"}],"predecessor-version":[{"id":2419,"href":"http:\/\/nepsie.fr\/leblog\/wp-json\/wp\/v2\/pages\/1387\/revisions\/2419"}],"wp:attachment":[{"href":"http:\/\/nepsie.fr\/leblog\/wp-json\/wp\/v2\/media?parent=1387"}],"curies":[{"name":"wp","href":"https:\/\/api.w.org\/{rel}","templated":true}]}}